12*z**2 - 4*z + 2. Is t(9) a prime number?
False
Suppose 6*w + 1305 = w. Let m = w - -473. Is (3 - (1 + 3)) + m a composite number?
False
Let t be (-2)/(-3 - (-33)/9). Is 10/(1 - (-1)/t) prime?
False
Let f(z) = -z - 2. Let m be f(-6). Is 2 - m/(16/(-644)) prime?
True
Suppose -4*z = -9*z, -2*t + 4*z = -330. Suppose 3*l = -0*l + t. Is l a prime number?
False
Suppose 5*a + 2*l + 809 = 0, -2*a - 5*l = -a + 171. Let z = 62 - a. Is z a prime number?
True
Suppose 1963 = 3*o + f, -5*o + 3*f - 2*f + 3261 = 0. Is o a composite number?
False
Let s be 3 + -3 + (41 - 1). Let q be (-18)/15*s/(-12). Suppose 547 = q*u - 297. Is u prime?
True
Suppose 0 = -5*f - 25682 + 75827. Is f a prime number?
False
Suppose 2*a - 32 = -2*a. Let m be 105/(-20) - (-2)/a. Let n = m - -9. Is n prime?
False
Let w be 1/1 + -58*1. Let k = 41 + w. Let z = 133 - k. Is z a prime number?
True
Suppose 0 = 2*r + 4, 50 = -5*i + 5*r. Let s = i - -31. Is s composite?
False
Is (0 - (1 + 0)) + (-2736)/(-3) prime?
True
Suppose -4*m + 0*m + 860 = 0. Suppose -c - b + 54 = 0, -3*b + m = 4*c - 0*b. Is c prime?
True
Let p(m) be the first derivative of m**3/3 + 3*m**2/2 - 6*m + 3. Is p(5) a prime number?
False
Suppose -i + 16 = -0*i. Suppose -2*c + 2*s = 8, -5*c - 39 = -4*s - 14. Let j = c + i. Is j a composite number?
False
Let g(l) = -269*l + 62. Is g(-9) a prime number?
False
Suppose 2*i - 3*d = 5460 + 82, -13855 = -5*i - 2*d. Is i a prime number?
False
Let z(y) = -y**3 - 13*y**2 - y - 11. Let b be z(-13). Suppose f + 432 = 3*w, -2*f + 5*f = b*w - 295. Is w a composite number?
True
Suppose -6 = b + 3*a, 2*b - 3 = -a - 5. Suppose b = -4*r - 5*i + 316, -5*r + i = -r - 316. Is r prime?
True
Let r = -127 - -386. Is r composite?
True
Suppose v - 75 = -2*v. Let q = v + 94. Is q composite?
True
Let a = -1 + 0. Let v = 14 - 3. Is (4/(-2))/(a/v) a composite number?
True
Suppose 5*d - 1434 = 3*a, -d + 4*d - 862 = a. Let t = -167 + d. Is t prime?
False
Suppose -6 = 2*q, x + 2*q = -0*q - 1. Let d(j) = -j**3 + 5*j**2 + j - 3. Is d(x) a prime number?
True
Let p be 60/8*16/10. Let m be (-50)/4*p/15. Let u = m + 35. Is u composite?
True
Let r be 4/18 + (-60752)/(-72). Suppose -8*t = -4*t - r. Is t composite?
False
Suppose g - 658 = -3*m, m - 5*m = -3*g - 899. Is m a prime number?
False
Suppose 2*g + c - 234 = 0, -c - 2*c + 112 = g. Is g a prime number?
False
Let d(t) = 13*t + 6. Let v(c) = 4*c + 2. Let q(z) = 2*d(z) - 7*v(z). Let a be q(-3). Suppose -a*j + 126 = 4*y - 2*j, -2*y + j + 61 = 0. Is y composite?
False
Suppose -4*o + 0 + 28 = 0. Let h be ((-9)/(-6))/((-2)/(-4)). Suppose h*l = o*l - 148. Is l composite?
False
Suppose -24*v + 35*v = 16797. Is v a prime number?
False
Let o = 1272 + -893. Is o prime?
True
Let z(w) = 1 - 3*w - 2*w + 2 + 0. Let g be z(-7). Is (0 - -3)/6*g a prime number?
True
Let g = -418 - -939. Is g prime?
True
Let y(g) = 14*g - 9. Let n(m) = -m + 1. Let h(s) = -6*n(s) - y(s). Is h(-7) composite?
False
Is ((-310)/(-15))/(2/3) a prime number?
True
Let j(n) = 15*n**2 - 3. Is j(4) a composite number?
True
Let w(a) = 3*a**2 + 4*a - 1. Let i(f) = f**3 + f**2 - f + 1. Let d(s) = -i(s) - w(s). Let t be d(-2). Is (0 + t)/(-4)*110 composite?
True
Suppose h - 40 = 5*p, h + 2*p - 22 = p. Suppose 100 + h = -5*n. Is (-180)/n + (-1)/5 composite?
False
Suppose 4*z = z + 12. Suppose 2*v = 3*r + 179, -2*r + r + 365 = z*v. Is v composite?
True
Suppose -3*j - v = -15, -3*v = -3*j + 2*v + 15. Suppose -j*a + 24 = 4. Is a + -6 - (-53 - 2) composite?
False
Let r(w) = -w**3 + 6*w**2 - 2*w - 9. Let v be r(5). Is (-87)/(-5)*(v + -1) a prime number?
False
Is (-5744)/(-20) + 2/(-10) composite?
True
Let f be (-39)/(-15) + 4/10. Suppose 18 = 2*d - 4*y, f*d - 52 = -0*d + y. Is d a prime number?
True
Suppose -3 = -4*s + 1. Let q be s + (-3)/((-9)/228). Suppose q = 4*z - 7. Is z prime?
False
Let p(t) = 1. Let j(q) = -26*q + 11. Let h(i) = -j(i) + 4*p(i). Is h(5) prime?
False
Let u(x) = -x**3 - x**2 + 13. Suppose 7*d = 3*d + 20. Suppose 0*c = -d*c. Is u(c) a prime number?
True
Let k = 11 - 6. Suppose g = k*g - 12. Suppose 2*y = -g*t + 30, 2*t - y = 2*y + 20. Is t composite?
True
Suppose -8 = 4*d, -2*d - 125 = -2*j + 157. Is j prime?
True
Suppose -6 - 2 = -2*k. Suppose x + k*q = -0*x + 89, -4*x - 5*q + 356 = 0. Is x composite?
False
Let w = -1 + 21. Let z = w + 45. Is z composite?
True
Let s be ((-114)/12)/(1/(-2)). Let p = 12 + s. Is p prime?
True
Let u(b) = 2*b - 1 - 6*b + 3*b. Let r(s) = -3*s**2 - 4*s - 1. Let a(g) = -r(g) + 2*u(g). Is a(-2) prime?
True
Let d be (1 - -1) + -3 + 3. Suppose 2*x - 15 = 5*t, d*t + 2*t = 3*x - 12. Suppose 3*c + x*c - 21 = 0. Is c a composite number?
False
Suppose 3*u - 3*v = 8*u - 10, u - 4*v - 2 = 0. Suppose 2*n = -3*g + 49, -u*g + 26 = -0*n - 2*n. Suppose 0 = 2*f - 4*c - 7 - g, 5*c = 5*f - 35. Is f composite?
False
Let v be (0 - 1) + 0 - -9. Let r = 107 - v. Let d = r + -16. Is d a prime number?
True
Let o be 316/(-6)*(-3)/(-1). Let u = 292 + o. Suppose u = 2*h + 36. Is h composite?
True
Suppose 4*d + d = 1075. Is d - ((4 - -2) + -2) composite?
False
Let u(h) = h - 3. Let k be u(6). Is (-105)/(-6)*(-1 + k) composite?
True
Let r(t) = -t**3 + 3*t**2 + 4*t + 5. Let p be r(4). Suppose -z - 2*z + 15 = 0. Suppose -z*o = -3*k + 36, -3*k + p*o + 50 = 2*k. Is k a composite number?
False
Let s be (-5)/(-4) - (-1)/(-4). Let r(d) = 37*d. Is r(s) prime?
True
Let n(c) be the third derivative of c**4/24 + 2*c**3/3 - 5*c**2. Is n(15) prime?
True
Let c = -7 - -11. Let i(l) = l - 8. Let q be i(c). Is (8/(-12))/(q/978) a prime number?
True
Let a(m) = -2*m**3 - 4*m**2 - 2*m + 1. Let z be a(-2). Suppose 5*n + 40 = -z*o, -3*n - 24 = 3*o - 6*n. Is (-4 - o)/(4/26) a prime number?
False
Let q = -1356 - -2989. Is q prime?
False
Let f be ((-8)/(-6))/((-4)/(-6)). Suppose -3*h + 0*h = 5*d - 25, f*d + h - 10 = 0. Suppose -129 = -d*r - 5*u + 116, 4*r + 3*u = 198. Is r a composite number?
True
Let y(k) = -3*k + 7. Let j(u) = -u**3 + 4*u**2 - 3*u. Let n be j(2). Suppose 2*m = -5*r + 3, -2*m + 2*r + n*r - 24 = 0. Is y(m) prime?
False
Let y(n) = -32*n + 3. Let o be (-74)/14 - 6/(-21). Is y(o) a composite number?
False
Let r(l) = l + 2. Let b be r(-2). Let d be ((-273)/(-4))/((-2)/(-8)). Suppose b*k - 3*k + d = 0. Is k composite?
True
Let s be (-4)/(-3)*(-15)/10. Let k(t) = 4*t**2 - 2*t + 1. Let p be k(s). Is (4/6)/(1/p) a prime number?
False
Is (-4945)/(-35) - (-4)/(-14) a prime number?
False
Let s = -12 + 8. Let d = s - -6. Suppose -69 = -r - d*r. Is r prime?
True
Let f(b) = 6. Let y(i) = 1. Let x(j) = f(j) - 5*y(j). Let z(v) = v**2 + 9*v - 10. Let s(c) = -5*x(c) - z(c). Is s(-8) composite?
False
Let r = 1 - 5. Is 594/4 - 2/r a prime number?
True
Is 2301/26*2/3 composite?
False
Let t be 18/(-4)*1072/(-24). Suppose -5*m = -2*m - t. Suppose 63 = 5*j - m. Is j composite?
True
Let f be ((-7)/14)/(2/(-8)). Suppose -k = -f*k + 469. Is k a prime number?
False
Let k(y) = 6*y + 4 - 5*y + 10*y. Is k(3) prime?
True
Suppose -5*a = 14 - 4. Let r(c) = 2 - 4 - 1 - 10*c + 4. Is r(a) a prime number?
False
Let l = 16 - 11. Let v(z) = 10*z**2 + 2*z + 1. Let f be v(-2). Suppose l*r - 88 = f. Is r a composite number?
True
Suppose 10*g - 10279 - 3331 = 0. Is g composite?
False
Suppose -h + 3 + 0 = 0. Suppose 9 = -5*w + h*x + 42, -5*w - 2*x + 53 = 0. Is 462/w - (-1)/(-3) prime?
False
Let s = 11 - 12. Is (-19 + 6)/(s/2) a composite number?
True
Suppose -6 = 9*y - 10*y. Let o = 49 - y. Is o a prime number?
True
Suppose -c = -6*c + 415. Is c a prime number?
True
Let d(k) = -k**3 + 2*k**2. Let b be d(3). Let z(p) = -5*p**2 + 10*p + 22. Let y(s) = -3*s**2 + 7*s + 15. Let g(v) = 8*y(v) - 5*z(v). Is g(b) a composite number?
False
Suppose 4*w = -1406 + 6578. Suppose 0 = -3*o - r + 769, 5*o = 5*r - r + w. Is o a prime number?
True
Let a(y) = 91*y**3 - 7*y + 1. Is a(3) prime?
True
Let g = 274 - -167. Suppose u - v - 84 = 4*v, -4*u = v - g. Is u a prime number?
True
Suppose -2*h - h = -471. Is h a prime number?
True
Let b(z) = 6*z**2 + 7*z. Suppose -10 = u + u. Is b(u) prime?
False
Suppose 9*a - 605 = 4*a. Let d = a + -27. Suppose 0 = 3*y - y - d. Is y a prime number?
True
Let v = 413 + -202. Is v a composite number?
False
Suppose -204 = 8*f - 12*f. Is f a composite number?
True
Let l be 20/(-8)*(-8)/10. Suppose 30 + 212 = l*g. Is g a composite numbe